2 = -1. List the prime factors of n.
2, 3
Let t = 230 - 98. List the prime factors of t.
2, 3, 11
Let d = 49 - 29. Let t = d - 34. List the prime factors of (-10)/(-35) + (-164)/t.
2, 3
Let r(t) be the second derivative of -t**3/6 + 3*t**2/2 - 4*t. What are the prime factors of r(-7)?
2, 5
Suppose 0 = g - 3*g - 2*x + 32, 64 = 3*g - x. List the prime factors of g.
2, 5
Suppose -v = v + 2. Let l be 1 - (v - 0) - -2. Suppose -2*t = -l*t + 18. What are the prime factors of t?
3
Suppose d + 3 + 7 = 4*k, -4*d - 4 = -4*k. Let g = k - 1. List the prime factors of -1 - g*(-5 - -1).
7
Suppose -1 + 3 = 2*r. Let o = r + -2. Let t(p) = -7*p**3 - 2*p**2 - p. List the prime factors of t(o).
2, 3
Let f = -13 - -70. What are the prime factors of f?
3, 19
Suppose -4 = -z + 2*f - 0, -3*z - 5*f - 21 = 0. Let t be (z + (-24)/(-10))*5. Suppose 0 = -5*r + t*l + 20, -5*r + l - 4*l = 5. List the prime factors of r.
2
Let v = 3 + 0. List the prime factors of v.
3
What are the prime factors of -4 - -2 - -3 - -7?
2
Let w(k) = -k**2 + 8*k - 9. Let d be w(6). What are the prime factors of (-9 + d)/(6/(-4))?
2
Suppose 135 = 8*o - 3*o. List the prime factors of o.
3
Let n(q) = -2*q + 86. Let w be n(0). What are the prime factors of 1/4 - w/(-8)?
11
Let c be 21*11 - (-18)/(-6). List the prime factors of c/15 - (-4)/(-20).
3, 5
Let a(t) = -t - 1. Let c be a(-3). Suppose -2*r - 1 = -g, -3*g + c*g + 16 = r. List the prime factors of g.
11
Let p = 8 + -5. Suppose 29 = p*m - 2*m. List the prime factors of m.
29
Suppose 3*g - 2*o - 20 = -2*g, -4*g + o = -16. Let f = g + 6. List the prime factors of f.
2, 5
Suppose c = 3*c - 22. Suppose 2*v = -c + 69. List the prime factors of v.
29
Suppose -3*q + 14 = v, -5 = -2*v + v. Let b be ((-6)/(-3))/2 + q. What are the prime factors of (b - 0)/(-2) - -14?
2, 3
Suppose -h - 12 = 3*s + s, 0 = 5*s - 5*h + 40. Let l = -10 + -9. List the prime factors of l/(-3) - s/6.
7
Let k(z) = -4*z + 1. Let g be k(-6). What are the prime factors of (-138)/(-10) + 5/g?
2, 7
Let w = -8 - -23. What are the prime factors of w?
3, 5
Let q = -3 + 8. What are the prime factors of q?
5
Suppose -4*p + 156 = -4*c, 161 = 5*p + 4*c - 25. List the prime factors of p.
2, 19
Suppose 423 = 5*r - 4*d, -2*d - 3*d - 93 = -r. What are the prime factors of r?
83
Let y(b) = -b**3 - 5*b**2 + 7*b + 6. Let m be y(-6). Suppose m = -4*q, 3*h - q - 108 = -4*q. What are the prime factors of h?
2, 3
Let a be -6*3/((-9)/14). Suppose u - a = -u. What are the prime factors of u?
2, 7
Let h = -123 + 235. List the prime factors of h.
2, 7
Let n(u) = -u**2 - 4*u + 8. Let o be n(-6). Let b be o/(-12) + (-1)/3. Suppose -h + b = -10. List the prime factors of h.
2, 5
List the prime factors of ((-53)/(-2))/((-3)/(-6)).
53
Suppose f - 4*f + 871 = 5*a, -4*a + 4*f + 684 = 0. Suppose -5*c + b + 0*b = -209, -4*c - 5*b + a = 0. List the prime factors of c.
2, 3, 7
Let l = -13 + 31. Let x be 4/l - (-128)/(-9). Let j = x + 25. What are the prime factors of j?
11
List the prime factors of -11 + 79 - (3*2 + -2).
2
Let z = 2 + 0. Let v be -3*z/(-21)*7. Suppose -v*y + 3 + 3 = 0, 3*s - 3*y - 30 = 0. What are the prime factors of s?
13
Suppose 0 = 3*s + 4*m - 615, 212 = 2*s + 5*m - 198. What are the prime factors of s?
5, 41
What are the prime factors of (-1 + -5)/((-10)/5)?
3
List the prime factors of 332/2 + (-5 - (0 - 6)).
167
Let x = 5 + -5. Suppose 7*t - 2*z = 4*t + 18, x = 2*t - 3*z - 17. Suppose 0*s + 21 = 3*f - 2*s, 2*s + 26 = t*f. What are the prime factors of f?
5
Suppose 0*c = 2*c - 38. Suppose -2*d - d - c = 5*r, 5*r = -25. List the prime factors of d.
2
Suppose 2 = -2*s + 10. Suppose -s*b - o = -34 - 35, -5*o + 25 = 0. What are the prime factors of b?
2
List the prime factors of (16 - (-5)/(-5))*4.
2, 3, 5
Let b = 1 + -4. Let i(k) = 2*k + 4. Let r be i(2). Let f = b + r. What are the prime factors of f?
5
Let y(k) = k**2 - 11*k - 12. List the prime factors of y(15).
2, 3
Let r be (11/4)/((-2)/(-8)). Let u = 5 - r. Let k = u - -10. List the prime factors of k.
2
Suppose 1 = -4*p - 7. Let x = 0 - p. Suppose 44 = 5*r - x*q, -5*q = -r - 2 - 3. List the prime factors of r.
2, 5
Let o = 6 + -3. Suppose -o*n + 0 + 6 = 0. Suppose 4*q = -3*a + 14, -n*q = 3*q - 5*a. What are the prime factors of q?
2
Let k(v) = v - 4. Let o be k(4). Suppose -4*i - 22 - 74 = o. Let m = -16 - i. List the prime factors of m.
2
Suppose 3*a - 15 = -0*a. Suppose y + 112 = a*y. Let v = y - 20. List the prime factors of v.
2
Let u be 3/7 - 88/(-56). Suppose u*z = -0*z + 66. List the prime factors of z.
3, 11
Let u be 1/(-4) - 1475/20. Let n = 108 + u. List the prime factors of n.
2, 17
Suppose 0 = -3*r + r + 34. List the prime factors of r.
17
Let m = -20 + 36. Let v = 4 + m. What are the prime factors of v?
2, 5
Let r(j) = -j**3 - 5*j**2 - 4*j - 5. Let c be r(-5). Suppose -c = 2*b - 41. List the prime factors of b.
13
Let r be 1*-22 + 3 + -1. List the prime factors of (-336)/r + 1/5.
17
Let r = 0 + 0. Suppose 2*s + 3*s + 20 = r. Let x = 7 + s. List the prime factors of x.
3
List the prime factors of (0 + 2 - 0) + 0/(-11).
2
Let v(s) = -3*s - 21. What are the prime factors of v(-10)?
3
Let q = -8 - 0. Let f be 18/(2*3/q). What are the prime factors of (f/(-9))/(-4)*-15?
2, 5
Suppose -4*c = -4*z + 19 + 1, 2*z + 4*c - 4 = 0. Suppose -4*f + 32 = -2*w, -2 = -f + z*w + 13. What are the prime factors of f?
7
Let f(x) = -x**3 + 4*x**2 + 2. Suppose -4*g + 6 = -10. Let m be f(g). List the prime factors of (m - (1 + 1)) + 4.
2
Let c(k) = -3*k - 1. Let d be c(2). Let q be (-16)/d + (-2)/7. Suppose -q*l - 3*b - 4 + 5 = 0, -5*l + 2*b + 12 = 0. List the prime factors of l.
2
Let j(r) = r**3 - r. Let c(w) = -2*w**3 + 6*w**2 - 3. Let g(f) = c(f) + j(f). What are the prime factors of g(4)?
5
Suppose -4*t = -261 - 175. List the prime factors of t.
109
Suppose -6 = -g + 4*g. What are the prime factors of 18/(21/6 + g)?
2, 3
Let w be (-1)/(-3) - 2/6. Suppose w = 2*h + 2*h - 64. What are the prime factors of h?
2
Suppose 2*o - 35 = 5*r + 39, -o = 2*r - 28. Suppose 0 = -5*w + 153 + o. What are the prime factors of w?
37
Suppose -190 = -2*s - 3*s. What are the prime factors of s?
2, 19
List the prime factors of ((-20)/30)/((-4)/78).
13
Let k = -19 + 12. Let l = k + 9. What are the prime factors of l?
2
Let k(i) be the first derivative of 10*i**3/3 - 2*i**2 + 2*i + 4. What are the prime factors of k(2)?
2, 17
Suppose 0 = 2*w - 6*w. Suppose -3*s + 32 = h, -1 = s - 2*h - w. List the prime factors of s.
3
Suppose -n - 1 = -3. List the prime factors of n/(-7) - 92/(-28).
3
Suppose -12*t = -9*t - 1212. List the prime factors of t.
2, 101
Let d(b) = -b**3 - 6*b**2 + 6*b - 3. Let u be d(-7). Suppose u*w = 5 + 11. Let i(f) = f + 1. List the prime factors of i(w).
5
Let i be (-1 - 3/(-3))*1. Suppose w + i*w = 1. What are the prime factors of ((-5)/(-5))/(w/11)?
11
Let q = 7 + -5. Suppose -19 = -q*b - g, 0 = -3*b - 2*g + g + 29. List the prime factors of b.
2, 5
Suppose 0 = 2*h - 8 - 0. Suppose -66 = -h*n - 3*r, 3*n - 15 - 34 = -2*r. List the prime factors of n.
3, 5
Let u be -8 - (1 + -2 - 1). Let k = 50 + -13. List the prime factors of k/3 + (-4)/u.
13
Let p be (-4)/6*27/(-6). Let d(x) = 5*x - 1. Let h be d(p). Suppose -5*k + h + 51 = 0. What are the prime factors of k?
13
Let i = 6 - 0. Suppose r - i = 7. List the prime factors of r.
13
Let n(l) = 2 - 3*l**2 + l + 5*l + 2*l**2. Suppose 0 = a - 4 - 2. What are the prime factors of n(a)?
2
Suppose -8 = 4*l, -4*p - l = -5*l - 508. List the prime factors of p.
5
Suppose -m - 2*f + 10 = 0, 0 = -2*m - 4*f + 6*f + 26. What are the prime factors of m?
2, 3
Let a be (2 + -2)/(-1) - -2. Suppose -a*f = -5*v - 3*f + 72, -3*f - 64 = -5*v. What are the prime factors of v?
2, 7
Suppose -t - 14 = -5*r, -4*r - 4*t = -0*r - 16. List the prime factors of r.
3
Suppose s - 4*t = 20, 4*s + 5 = -4*t + 3*t. Let o(x) = x**3 + 10*x**2 + 9*x + 6. Let m be o(-9). Suppose s*r = -2*r + m. List the prime factors of r.
3
Suppose -3*z = -4*z - 194. What are the prime factors of 6/(-15) + z/(-10)?
19
What are the prime factors of 0 + -1 + (4 - -14)?
17
Suppose -4*w + 0*w - 160 = 0. Let v = 58 + w. List the prime factors of v.
2, 3
Suppose 0 = 39*u - 40*u + 166. What are the prime factors of u?
2, 83
Let h(d) = -4*d - 8. Let q be h(-5). List t